{"id":790,"date":"2023-01-30T10:13:22","date_gmt":"2023-01-30T09:13:22","guid":{"rendered":"https:\/\/www.kajganic.ch\/?page_id=790"},"modified":"2025-07-14T19:48:06","modified_gmt":"2025-07-14T18:48:06","slug":"o-autoru","status":"publish","type":"page","link":"http:\/\/www.kajganic.ch\/?page_id=790","title":{"rendered":"O Autoru"},"content":{"rendered":"\t\t<div data-elementor-type=\"wp-page\" data-elementor-id=\"790\" class=\"elementor elementor-790\">\n\t\t\t\t\t\t<section class=\"elementor-section elementor-top-section elementor-element elementor-element-587af55f elementor-section-boxed elementor-section-height-default elementor-section-height-default\" data-id=\"587af55f\" data-element_type=\"section\" data-e-type=\"section\">\n\t\t\t\t\t\t<div class=\"elementor-container elementor-column-gap-default\">\n\t\t\t\t\t<div class=\"jet-sticky-column-sticky elementor-column elementor-col-50 elementor-top-column elementor-element elementor-element-4d7e25df\" data-jet-sticky-column-settings=\"{&quot;id&quot;:&quot;4d7e25df&quot;,&quot;sticky&quot;:true,&quot;topSpacing&quot;:120,&quot;bottomSpacing&quot;:0,&quot;stickyOn&quot;:[&quot;desktop&quot;]}\" data-id=\"4d7e25df\" data-element_type=\"column\" data-e-type=\"column\" data-settings=\"{&quot;background_background&quot;:&quot;classic&quot;}\">\n\t\t\t<div class=\"elementor-widget-wrap elementor-element-populated\">\n\t\t\t\t\t\t<div class=\"elementor-element elementor-element-4eacf77 elementor-widget elementor-widget-spacer\" data-id=\"4eacf77\" data-element_type=\"widget\" data-e-type=\"widget\" data-widget_type=\"spacer.default\">\n\t\t\t\t\t\t\t<div class=\"elementor-spacer\">\n\t\t\t<div class=\"elementor-spacer-inner\"><\/div>\n\t\t<\/div>\n\t\t\t\t\t\t<\/div>\n\t\t\t\t\t<\/div>\n\t\t<\/div>\n\t\t\t\t<div class=\"elementor-column elementor-col-50 elementor-top-column elementor-element elementor-element-67e69f2\" data-id=\"67e69f2\" data-element_type=\"column\" data-e-type=\"column\">\n\t\t\t<div class=\"elementor-widget-wrap elementor-element-populated\">\n\t\t\t\t\t\t<div class=\"elementor-element elementor-element-2fb33aca elementor-widget elementor-widget-spacer\" data-id=\"2fb33aca\" data-element_type=\"widget\" data-e-type=\"widget\" data-widget_type=\"spacer.default\">\n\t\t\t\t\t\t\t<div class=\"elementor-spacer\">\n\t\t\t<div class=\"elementor-spacer-inner\"><\/div>\n\t\t<\/div>\n\t\t\t\t\t\t<\/div>\n\t\t\t\t<div class=\"elementor-element elementor-element-59348efe elementor-widget elementor-widget-heading\" data-id=\"59348efe\" data-element_type=\"widget\" data-e-type=\"widget\" data-widget_type=\"heading.default\">\n\t\t\t\t\t<h2 class=\"elementor-heading-title elementor-size-default\">O Autoru<\/h2>\t\t\t\t<\/div>\n\t\t\t\t<div class=\"elementor-element elementor-element-214cb82 elementor-widget elementor-widget-heading\" data-id=\"214cb82\" data-element_type=\"widget\" data-e-type=\"widget\" data-widget_type=\"heading.default\">\n\t\t\t\t\t<h2 class=\"elementor-heading-title elementor-size-default\">Milki Kajgani\u0107 \/ Mraovi\u0107<\/h2>\t\t\t\t<\/div>\n\t\t\t\t<div class=\"elementor-element elementor-element-5bba0555 elementor-widget elementor-widget-text-editor\" data-id=\"5bba0555\" data-element_type=\"widget\" data-e-type=\"widget\" data-widget_type=\"text-editor.default\">\n\t\t\t\t\t\t\t\t\t<p>Milka Kajgani\u0107, ro\u0111. Mraovi\u0107 1951. u Kozarcu na Kordunu, Republika Hrvatska.<\/p>\n<p>Zavr\u0161ila je vi\u0161u medicinsku \u0161kolu i pravni fakultet. Pisanjem se bavi od 1989.godine, kao nezavisan novinar. \u017divi i stvara u Z\u00fcrichu.<\/p>\n<p>Do sada je objavila knjigu \u010cITANKA KORDUNA koja u sebi sadr\u017ei korduna\u0161ki rje\u010dnik, narodne pjesme, \u0161ale i po\u0161alice Korduna te recepte korduna\u0161ke kuhinje. Ova knjiga je do\u017eivjela i tre\u0107e izdanje i nju je Hrvatska akademija znanosti i umjetnosti \/ HAZU\/, ocjenila kao &#8220;izuzetan doprinos izu\u010davanju kulture Srba Hrvatske.&#8221;<\/p>\n<p><a href=\"http:\/\/www.kajganic.ch\/wp-content\/uploads\/2015\/03\/Za-biografiju_02.jpg\"><img fetchpriority=\"high\" decoding=\"async\" class=\"aligncenter wp-image-182 size-large\" src=\"http:\/\/www.kajganic.ch\/wp-content\/uploads\/2015\/03\/Za-biografiju_02-1024x427.jpg\" alt=\"\" width=\"1024\" height=\"427\" srcset=\"http:\/\/www.kajganic.ch\/wp-content\/uploads\/2015\/03\/Za-biografiju_02-1024x427.jpg 1024w, http:\/\/www.kajganic.ch\/wp-content\/uploads\/2015\/03\/Za-biografiju_02-300x125.jpg 300w, http:\/\/www.kajganic.ch\/wp-content\/uploads\/2015\/03\/Za-biografiju_02.jpg 1200w\" sizes=\"(max-width: 1024px) 100vw, 1024px\" \/><\/a><\/p>\n<p>Kordun, ta nepresu\u0161na inspiracija, tema je njenih romana: GLAS IZ TU\u0110INE, TERET POKRSTA U GLINI, HRABRA SANITARKA, TRAGOVI DJETINJSTVA, SPAS OD LUDILA, U VRTLOGU \u017dIVOTA, KAZIVANJA \u0110EDA KORDUNA\u0160A, OLUJA U O\u010cIMA NESRE\u0106NIKA, IZBJEGLI\u010cKE RANE, MALI UNPROFORAC, LJUBAV PREMA SLOBODI, U KOJE SAM TO KOLO UPALA.<\/p>\n<p>Knjige OTMICA DJETETA i ZAPOVIJED SRCA su pri\u010de iz tu\u0111ine, a KAD SUZA KANE su novele.<\/p>\n<p>Zastupljena je u vi\u0161e zbornika, antologija i monografija.<\/p>\n<p>Predsjednica je udru\u017eenja pisaca Literarni krug ZLATNO PERO u \u0160vicarskoj.<\/p>\n<p>Milka je neumorni sakuplja\u010d narodnog blaga i predanja naroda Korduna te njegovim anegdotama zasmijava radoznalu publiku \u0161irom Evrope i tako \u010dasno pronosi svoga roda glas.<\/p>\n<p>Milkino ime je poznato mnogim arhivima, bibliotekama, slavisti\u010dkim studijama evropskih univerziteta, ambasadama i \u010ditaocima u, do sada, u \u010detrdesetjednoj zemalji \u010ditaju\u0107i njene romane na engleskom jeziku:<\/p>\n<ul>\n<li>ESCAPE FROM MADNEES,<\/li>\n<li>THE VORTEX OF LIFE<\/li>\n<li>THE STORIES OF A KORDUN OLD MAN<\/li>\n<li>THE STORM IN THE EYES OF THE SUFFERING<\/li>\n<li>THE WOUNDS OF THE REFUGEES<\/li>\n<li>THE UNPROFOR KID<\/li>\n<li>BURDEN OF CONVERTION IN GLINA<\/li>\n<\/ul>\n<p>Milka je dobitnik knji\u017eevne nagrade RASTKO PETROVI\u0106 za najbolji roman 2022.g.u Srbiji Ljubav prema slobodi.<\/p>\n<p>Milka je koscenarist dokumentarno igranog filma 33 AN\u0110ELA.<\/p>\n<p>Milka je viktimolog i \u010dlan Srpskog pravni\u010dkog dru\u0161tva u Beogradu i tu obavlja funkciju vi\u0161eg savjetnika za medjunarodno pravo.<\/p>\t\t\t\t\t\t\t\t<\/div>\n\t\t\t\t\t<\/div>\n\t\t<\/div>\n\t\t\t\t\t<\/div>\n\t\t<\/section>\n\t\t\t\t<section class=\"elementor-section elementor-top-section elementor-element elementor-element-2567fe6 elementor-section-boxed elementor-section-height-default elementor-section-height-default\" data-id=\"2567fe6\" data-element_type=\"section\" data-e-type=\"section\">\n\t\t\t\t\t\t<div class=\"elementor-container elementor-column-gap-default\">\n\t\t\t\t\t<div class=\"elementor-column elementor-col-100 elementor-top-column elementor-element elementor-element-9bb09c7\" data-id=\"9bb09c7\" data-element_type=\"column\" data-e-type=\"column\">\n\t\t\t<div class=\"elementor-widget-wrap elementor-element-populated\">\n\t\t\t\t\t\t<div class=\"elementor-element elementor-element-e73000b elementor-widget elementor-widget-video\" data-id=\"e73000b\" data-element_type=\"widget\" data-e-type=\"widget\" data-settings=\"{&quot;video_type&quot;:&quot;hosted&quot;,&quot;autoplay&quot;:&quot;yes&quot;,&quot;play_on_mobile&quot;:&quot;yes&quot;,&quot;loop&quot;:&quot;yes&quot;,&quot;controls&quot;:&quot;yes&quot;}\" data-widget_type=\"video.default\">\n\t\t\t\t\t\t\t<div class=\"e-hosted-video elementor-wrapper elementor-open-inline\">\n\t\t\t\t\t<video class=\"elementor-video\" src=\"http:\/\/www.kajganic.ch\/wp-content\/uploads\/2023\/02\/Bolero_6min.mp3\" autoplay=\"\" loop=\"\" controls=\"\" playsinline=\"\" controlsList=\"nodownload\"><\/video>\n\t\t\t\t<\/div>\n\t\t\t\t\t\t<\/div>\n\t\t\t\t\t<\/div>\n\t\t<\/div>\n\t\t\t\t\t<\/div>\n\t\t<\/section>\n\t\t\t\t<\/div>\n\t\t","protected":false},"excerpt":{"rendered":"<p>O Autoru Milki Kajgani\u0107 \/ Mraovi\u0107 Milka Kajgani\u0107, ro\u0111. Mraovi\u0107 1951. u Kozarcu na Kordunu, Republika Hrvatska. Zavr\u0161ila je vi\u0161u medicinsku \u0161kolu i pravni fakultet. Pisanjem se bavi od 1989.godine, kao nezavisan novinar. \u017divi i stvara u Z\u00fcrichu. Do sada je objavila knjigu \u010cITANKA KORDUNA koja u sebi sadr\u017ei korduna\u0161ki rje\u010dnik, narodne pjesme, \u0161ale i&#8230;<\/p>\n","protected":false},"author":3,"featured_media":0,"parent":0,"menu_order":0,"comment_status":"closed","ping_status":"closed","template":"elementor_header_footer","meta":{"_kad_post_transparent":"default","_kad_post_title":"hide","_kad_post_layout":"fullwidth","_kad_post_sidebar_id":"","_kad_post_content_style":"unboxed","_kad_post_vertical_padding":"hide","_kad_post_feature":"hide","_kad_post_feature_position":"","_kad_post_header":false,"_kad_post_footer":false,"_kad_post_classname":"","footnotes":""},"class_list":["post-790","page","type-page","status-publish","hentry"],"_links":{"self":[{"href":"http:\/\/www.kajganic.ch\/index.php?rest_route=\/wp\/v2\/pages\/790","targetHints":{"allow":["GET"]}}],"collection":[{"href":"http:\/\/www.kajganic.ch\/index.php?rest_route=\/wp\/v2\/pages"}],"about":[{"href":"http:\/\/www.kajganic.ch\/index.php?rest_route=\/wp\/v2\/types\/page"}],"author":[{"embeddable":true,"href":"http:\/\/www.kajganic.ch\/index.php?rest_route=\/wp\/v2\/users\/3"}],"replies":[{"embeddable":true,"href":"http:\/\/www.kajganic.ch\/index.php?rest_route=%2Fwp%2Fv2%2Fcomments&post=790"}],"version-history":[{"count":10,"href":"http:\/\/www.kajganic.ch\/index.php?rest_route=\/wp\/v2\/pages\/790\/revisions"}],"predecessor-version":[{"id":1811,"href":"http:\/\/www.kajganic.ch\/index.php?rest_route=\/wp\/v2\/pages\/790\/revisions\/1811"}],"wp:attachment":[{"href":"http:\/\/www.kajganic.ch\/index.php?rest_route=%2Fwp%2Fv2%2Fmedia&parent=790"}],"curies":[{"name":"wp","href":"https:\/\/api.w.org\/{rel}","templated":true}]}}